{"id":19,"date":"2025-12-19T10:33:58","date_gmt":"2025-12-19T10:33:58","guid":{"rendered":"https:\/\/archiv-harry-plaster.de\/?page_id=19"},"modified":"2025-12-22T07:32:44","modified_gmt":"2025-12-22T07:32:44","slug":"textbeitraege","status":"publish","type":"page","link":"https:\/\/archiv-harry-plaster.de\/?page_id=19","title":{"rendered":"Unternehmen &amp; Personen"},"content":{"rendered":"\n<h2 class=\"wp-block-heading\">Ein Sammlerleben: Redaktionelle Beitr\u00e4ge<\/h2>\n\n\n\n<h4 class=\"wp-block-heading has-text-align-center\">Unternehmen &amp; Personen in Bad Harzburg<\/h4>\n\n\n<ul class=\"wp-block-latest-posts__list is-grid columns-3 wp-block-latest-posts\"><li><div class=\"wp-block-latest-posts__featured-image\"><a href=\"https:\/\/archiv-harry-plaster.de\/?p=49\" aria-label=\"Delbro Brotfabrik Dehne B\u00fcndheim\"><img loading=\"lazy\" decoding=\"async\" width=\"300\" height=\"186\" src=\"https:\/\/archiv-harry-plaster.de\/wp-content\/uploads\/2025\/12\/Dehne-1-ca.-1960-300x186.jpg\" class=\"attachment-medium size-medium wp-post-image\" alt=\"\" style=\"\" srcset=\"https:\/\/archiv-harry-plaster.de\/wp-content\/uploads\/2025\/12\/Dehne-1-ca.-1960-300x186.jpg 300w, https:\/\/archiv-harry-plaster.de\/wp-content\/uploads\/2025\/12\/Dehne-1-ca.-1960-1024x636.jpg 1024w, https:\/\/archiv-harry-plaster.de\/wp-content\/uploads\/2025\/12\/Dehne-1-ca.-1960-768x477.jpg 768w, https:\/\/archiv-harry-plaster.de\/wp-content\/uploads\/2025\/12\/Dehne-1-ca.-1960-1536x954.jpg 1536w, https:\/\/archiv-harry-plaster.de\/wp-content\/uploads\/2025\/12\/Dehne-1-ca.-1960.jpg 1720w\" sizes=\"auto, (max-width: 300px) 100vw, 300px\" \/><\/a><\/div><a class=\"wp-block-latest-posts__post-title\" href=\"https:\/\/archiv-harry-plaster.de\/?p=49\">Delbro Brotfabrik Dehne B\u00fcndheim<\/a><div class=\"wp-block-latest-posts__post-excerpt\">Die Brotfabrik Dehne in B\u00fcndheim Rudolf Dehne, ein Pionier der Verpackungstechnik in der Nachkriegszeit Die Anf\u00e4nge der Brotfabrikation in der Firma von Rudolf Dehne liegen in der elterlichen B\u00e4ckerei an der damaligen Prinz- Albrecht-Stra\u00dfe 31 in B\u00fcndheim. Diesen Betrieb gab es dort schon lange Jahre. B\u00e4ckermeister Rudolf Dehne, geboren im Jahr 1916, \u00fcbernahm das Gesch\u00e4ft<\/div><\/li>\n<li><div class=\"wp-block-latest-posts__featured-image\"><a href=\"https:\/\/archiv-harry-plaster.de\/?p=172\" aria-label=\"Die Erz-Seilbahn\"><img loading=\"lazy\" decoding=\"async\" width=\"300\" height=\"248\" src=\"https:\/\/archiv-harry-plaster.de\/wp-content\/uploads\/2025\/12\/Mathildenh_m_Hansaseilb_u_Zementfabriken_ca_1915_35907ca258-300x248.jpg\" class=\"attachment-medium size-medium wp-post-image\" alt=\"\" style=\"\" srcset=\"https:\/\/archiv-harry-plaster.de\/wp-content\/uploads\/2025\/12\/Mathildenh_m_Hansaseilb_u_Zementfabriken_ca_1915_35907ca258-300x248.jpg 300w, https:\/\/archiv-harry-plaster.de\/wp-content\/uploads\/2025\/12\/Mathildenh_m_Hansaseilb_u_Zementfabriken_ca_1915_35907ca258-1024x848.jpg 1024w, https:\/\/archiv-harry-plaster.de\/wp-content\/uploads\/2025\/12\/Mathildenh_m_Hansaseilb_u_Zementfabriken_ca_1915_35907ca258-768x636.jpg 768w, https:\/\/archiv-harry-plaster.de\/wp-content\/uploads\/2025\/12\/Mathildenh_m_Hansaseilb_u_Zementfabriken_ca_1915_35907ca258-1536x1272.jpg 1536w, https:\/\/archiv-harry-plaster.de\/wp-content\/uploads\/2025\/12\/Mathildenh_m_Hansaseilb_u_Zementfabriken_ca_1915_35907ca258-2048x1695.jpg 2048w\" sizes=\"auto, (max-width: 300px) 100vw, 300px\" \/><\/a><\/div><a class=\"wp-block-latest-posts__post-title\" href=\"https:\/\/archiv-harry-plaster.de\/?p=172\">Die Erz-Seilbahn<\/a><div class=\"wp-block-latest-posts__post-excerpt\">Die Erzseilbahn von der Grube Friederike zur Mathildenh\u00fctte Bevor es die im Sommer 1929 eingeweihte Kabinen-Seilschwebebahn zum Burgberg in Bad Harzburg gab, versah schon einige Jahre eine industriell genutzte Draht-Seilbahn ihren Dienst im Amtsbezirk Bad Harzburg. Es handelte sich um die Erzseilbahn von der B\u00fcndheimer Grube Friederike zur Mathildenh\u00fctte in Westerode. Endg\u00fcltig geplant wurde sie<\/div><\/li>\n<li><div class=\"wp-block-latest-posts__featured-image\"><a href=\"https:\/\/archiv-harry-plaster.de\/?p=280\" aria-label=\"Die Grasbahnrennen\"><img loading=\"lazy\" decoding=\"async\" width=\"300\" height=\"194\" src=\"https:\/\/archiv-harry-plaster.de\/wp-content\/uploads\/2025\/12\/richard-trenkel-1949-300x194.jpg\" class=\"attachment-medium size-medium wp-post-image\" alt=\"\" style=\"\" srcset=\"https:\/\/archiv-harry-plaster.de\/wp-content\/uploads\/2025\/12\/richard-trenkel-1949-300x194.jpg 300w, https:\/\/archiv-harry-plaster.de\/wp-content\/uploads\/2025\/12\/richard-trenkel-1949-1024x663.jpg 1024w, https:\/\/archiv-harry-plaster.de\/wp-content\/uploads\/2025\/12\/richard-trenkel-1949-768x497.jpg 768w, https:\/\/archiv-harry-plaster.de\/wp-content\/uploads\/2025\/12\/richard-trenkel-1949-1536x994.jpg 1536w, https:\/\/archiv-harry-plaster.de\/wp-content\/uploads\/2025\/12\/richard-trenkel-1949-2048x1325.jpg 2048w\" sizes=\"auto, (max-width: 300px) 100vw, 300px\" \/><\/a><\/div><a class=\"wp-block-latest-posts__post-title\" href=\"https:\/\/archiv-harry-plaster.de\/?p=280\">Die Grasbahnrennen<\/a><div class=\"wp-block-latest-posts__post-excerpt\">Die Geschichte der legend\u00e4ren Grasbahnrennen In den Jahren 1949 bis 1951 fanden auf der Galopprennbahn Am wei\u00dfen Stein Motor-Grasbahnrennen statt. Die erste gro\u00dfe Veranstaltung dieser Art war am 18. September 1949. Einige Wochen nach den Harzburger Renntagen, die immer im Juli ausgetragen wurden. 1949 war das zweite Jahr nach 1948, in dem der Harzburger Rennverein<\/div><\/li>\n<li><div class=\"wp-block-latest-posts__featured-image\"><a href=\"https:\/\/archiv-harry-plaster.de\/?p=194\" aria-label=\"Die Lutherkirche\"><img loading=\"lazy\" decoding=\"async\" width=\"300\" height=\"209\" src=\"https:\/\/archiv-harry-plaster.de\/wp-content\/uploads\/2025\/12\/L_K_Sommer_1994_v_Logesschule_fa0e6fc0fa-300x209.jpg\" class=\"attachment-medium size-medium wp-post-image\" alt=\"\" style=\"\" srcset=\"https:\/\/archiv-harry-plaster.de\/wp-content\/uploads\/2025\/12\/L_K_Sommer_1994_v_Logesschule_fa0e6fc0fa-300x209.jpg 300w, https:\/\/archiv-harry-plaster.de\/wp-content\/uploads\/2025\/12\/L_K_Sommer_1994_v_Logesschule_fa0e6fc0fa-1024x715.jpg 1024w, https:\/\/archiv-harry-plaster.de\/wp-content\/uploads\/2025\/12\/L_K_Sommer_1994_v_Logesschule_fa0e6fc0fa-768x536.jpg 768w, https:\/\/archiv-harry-plaster.de\/wp-content\/uploads\/2025\/12\/L_K_Sommer_1994_v_Logesschule_fa0e6fc0fa-1536x1072.jpg 1536w, https:\/\/archiv-harry-plaster.de\/wp-content\/uploads\/2025\/12\/L_K_Sommer_1994_v_Logesschule_fa0e6fc0fa.jpg 1959w\" sizes=\"auto, (max-width: 300px) 100vw, 300px\" \/><\/a><\/div><a class=\"wp-block-latest-posts__post-title\" href=\"https:\/\/archiv-harry-plaster.de\/?p=194\">Die Lutherkirche<\/a><div class=\"wp-block-latest-posts__post-excerpt\">Die Lutherkirche Der Anfang In Neustadt-Schulenrode, wie Bad Harzburg damals noch hie\u00df, gab es schon 1891 ernsthafte Bestrebungen, eine gr\u00f6\u00dfere Kirche zu bauen. Das Fassungsverm\u00f6gen der alten Dorfkirche war zu gering und so wurde beschlossen, eine Spendenaktion ins Leben zu rufen. Etwa zeitgleich wurde der Antrag bei der Herz\u00f6glich-Braunschweigischen Administration gestellt, um eine Geldsammlung f\u00fcr<\/div><\/li>\n<li><div class=\"wp-block-latest-posts__featured-image\"><a href=\"https:\/\/archiv-harry-plaster.de\/?p=162\" aria-label=\"Francisco d\u00b4 Andrade\"><img loading=\"lazy\" decoding=\"async\" width=\"300\" height=\"231\" src=\"https:\/\/archiv-harry-plaster.de\/wp-content\/uploads\/2025\/12\/Villa-de-Andrade-ca.-1900-300x231.jpg\" class=\"attachment-medium size-medium wp-post-image\" alt=\"\" style=\"\" srcset=\"https:\/\/archiv-harry-plaster.de\/wp-content\/uploads\/2025\/12\/Villa-de-Andrade-ca.-1900-300x231.jpg 300w, https:\/\/archiv-harry-plaster.de\/wp-content\/uploads\/2025\/12\/Villa-de-Andrade-ca.-1900-1024x790.jpg 1024w, https:\/\/archiv-harry-plaster.de\/wp-content\/uploads\/2025\/12\/Villa-de-Andrade-ca.-1900-768x592.jpg 768w, https:\/\/archiv-harry-plaster.de\/wp-content\/uploads\/2025\/12\/Villa-de-Andrade-ca.-1900-1536x1185.jpg 1536w, https:\/\/archiv-harry-plaster.de\/wp-content\/uploads\/2025\/12\/Villa-de-Andrade-ca.-1900.jpg 1658w\" sizes=\"auto, (max-width: 300px) 100vw, 300px\" \/><\/a><\/div><a class=\"wp-block-latest-posts__post-title\" href=\"https:\/\/archiv-harry-plaster.de\/?p=162\">Francisco d\u00b4 Andrade<\/a><div class=\"wp-block-latest-posts__post-excerpt\">Francisco d\u00b4Andrade in Bad Harzburg Geboren wurde der ber\u00fchmte Operns\u00e4nger Francisco d\u00b4Andrade am 11. Januar 1859 in Lissabon. Nach seiner Schulzeit widmete er sich zuerst dem Studium der Rechtswissenschaft. Im Jahr 1881, mit 22 Jahren, nahm er dann Gesangsunterricht in Mailand. Seine Lehrer waren u. a. die Maestros Miraglia und Monconi. Zwei bekannte Gesangslehrer ihrer<\/div><\/li>\n<li><div class=\"wp-block-latest-posts__featured-image\"><a href=\"https:\/\/archiv-harry-plaster.de\/?p=273\" aria-label=\"Kaltwasser-Heilanstalt\"><img loading=\"lazy\" decoding=\"async\" width=\"300\" height=\"215\" src=\"https:\/\/archiv-harry-plaster.de\/wp-content\/uploads\/2025\/12\/Kapellenweg-m.-Seebachs-Kurbad-300x215.jpg\" class=\"attachment-medium size-medium wp-post-image\" alt=\"\" style=\"\" srcset=\"https:\/\/archiv-harry-plaster.de\/wp-content\/uploads\/2025\/12\/Kapellenweg-m.-Seebachs-Kurbad-300x215.jpg 300w, https:\/\/archiv-harry-plaster.de\/wp-content\/uploads\/2025\/12\/Kapellenweg-m.-Seebachs-Kurbad-1024x734.jpg 1024w, https:\/\/archiv-harry-plaster.de\/wp-content\/uploads\/2025\/12\/Kapellenweg-m.-Seebachs-Kurbad-768x551.jpg 768w, https:\/\/archiv-harry-plaster.de\/wp-content\/uploads\/2025\/12\/Kapellenweg-m.-Seebachs-Kurbad-1536x1101.jpg 1536w, https:\/\/archiv-harry-plaster.de\/wp-content\/uploads\/2025\/12\/Kapellenweg-m.-Seebachs-Kurbad.jpg 2000w\" sizes=\"auto, (max-width: 300px) 100vw, 300px\" \/><\/a><\/div><a class=\"wp-block-latest-posts__post-title\" href=\"https:\/\/archiv-harry-plaster.de\/?p=273\">Kaltwasser-Heilanstalt<\/a><div class=\"wp-block-latest-posts__post-excerpt\">Kaltwasser-Heilanstalt im Krodotal Heute so gut wie vergessen, gab es versteckt im Krodotal um 1900 eine Institution, die der Gesundheit des Volkes und dem Fremdenverkehr dienen sollte.&nbsp; Es handelte sich um eine Kaltwasser-Heilanstalt, gelegen in Schulenrode, wie es damals noch hie\u00df. Die Anlage lag auf einem gro\u00dfen Grundst\u00fcck am heutigen Kapellenweg. Damals noch als Obere<\/div><\/li>\n<li><div class=\"wp-block-latest-posts__featured-image\"><a href=\"https:\/\/archiv-harry-plaster.de\/?p=180\" aria-label=\"Salzschreiberhaus\"><img loading=\"lazy\" decoding=\"async\" width=\"300\" height=\"216\" src=\"https:\/\/archiv-harry-plaster.de\/wp-content\/uploads\/2025\/12\/Alte-Salzhaus-Saline-300x216.jpg\" class=\"attachment-medium size-medium wp-post-image\" alt=\"\" style=\"\" srcset=\"https:\/\/archiv-harry-plaster.de\/wp-content\/uploads\/2025\/12\/Alte-Salzhaus-Saline-300x216.jpg 300w, https:\/\/archiv-harry-plaster.de\/wp-content\/uploads\/2025\/12\/Alte-Salzhaus-Saline-1024x738.jpg 1024w, https:\/\/archiv-harry-plaster.de\/wp-content\/uploads\/2025\/12\/Alte-Salzhaus-Saline-768x553.jpg 768w, https:\/\/archiv-harry-plaster.de\/wp-content\/uploads\/2025\/12\/Alte-Salzhaus-Saline-1536x1107.jpg 1536w, https:\/\/archiv-harry-plaster.de\/wp-content\/uploads\/2025\/12\/Alte-Salzhaus-Saline.jpg 1688w\" sizes=\"auto, (max-width: 300px) 100vw, 300px\" \/><\/a><\/div><a class=\"wp-block-latest-posts__post-title\" href=\"https:\/\/archiv-harry-plaster.de\/?p=180\">Salzschreiberhaus<\/a><div class=\"wp-block-latest-posts__post-excerpt\">Das alte Salzschreiberhaus An der vor 170 Jahren eingeweihten Ilsenburger Stra\u00dfe gibt es ein Geb\u00e4ude mit einer sehr langen Geschichte, obwohl es dort erst 100 Jahre steht. Das Haus hat die alte Ass-Nr. 639, danach die ehemalige Hausnummer 28. ausnummerH Es ist heute mit der Hausnummer 40 versehen. Einst jedoch geh\u00f6rte das Geb\u00e4ude zum Komplex<\/div><\/li>\n<li><div class=\"wp-block-latest-posts__featured-image\"><a href=\"https:\/\/archiv-harry-plaster.de\/?p=185\" aria-label=\"Villa Wessel | NIG\"><img loading=\"lazy\" decoding=\"async\" width=\"300\" height=\"225\" src=\"https:\/\/archiv-harry-plaster.de\/wp-content\/uploads\/2025\/12\/wessel-hell-300x225.jpg\" class=\"attachment-medium size-medium wp-post-image\" alt=\"\" style=\"\" srcset=\"https:\/\/archiv-harry-plaster.de\/wp-content\/uploads\/2025\/12\/wessel-hell-300x225.jpg 300w, https:\/\/archiv-harry-plaster.de\/wp-content\/uploads\/2025\/12\/wessel-hell-1024x768.jpg 1024w, https:\/\/archiv-harry-plaster.de\/wp-content\/uploads\/2025\/12\/wessel-hell-768x576.jpg 768w, https:\/\/archiv-harry-plaster.de\/wp-content\/uploads\/2025\/12\/wessel-hell-1536x1152.jpg 1536w, https:\/\/archiv-harry-plaster.de\/wp-content\/uploads\/2025\/12\/wessel-hell-2048x1536.jpg 2048w\" sizes=\"auto, (max-width: 300px) 100vw, 300px\" \/><\/a><\/div><a class=\"wp-block-latest-posts__post-title\" href=\"https:\/\/archiv-harry-plaster.de\/?p=185\">Villa Wessel | NIG<\/a><div class=\"wp-block-latest-posts__post-excerpt\">Von der Villa Wessel ins NIG Vor mehr als einhundert Jahren wurde ein gro\u00dfes markantes Geb\u00e4ude an der Amsbergstra\u00dfe in Bad Harzburg fertiggestellt. Bauherr war der Geheime Kommerzienrat Carl Wessel, geboren am 15. November 1842 in Barmen. Carl Wessel war der Sohn eines Kaufmanns und absolvierte nach seiner Schulzeit ebenfalls eine Kaufmannslehre. Eine sp\u00e4tere T\u00e4tigkeit<\/div><\/li>\n<li><div class=\"wp-block-latest-posts__featured-image\"><a href=\"https:\/\/archiv-harry-plaster.de\/?p=148\" aria-label=\"Wirtschaftshof \u201eAuf der Eych\u201c\"><img loading=\"lazy\" decoding=\"async\" width=\"300\" height=\"225\" src=\"https:\/\/archiv-harry-plaster.de\/wp-content\/uploads\/2025\/12\/eych-1960-300x225.jpg\" class=\"attachment-medium size-medium wp-post-image\" alt=\"\" style=\"\" srcset=\"https:\/\/archiv-harry-plaster.de\/wp-content\/uploads\/2025\/12\/eych-1960-300x225.jpg 300w, https:\/\/archiv-harry-plaster.de\/wp-content\/uploads\/2025\/12\/eych-1960-1024x769.jpg 1024w, https:\/\/archiv-harry-plaster.de\/wp-content\/uploads\/2025\/12\/eych-1960-768x577.jpg 768w, https:\/\/archiv-harry-plaster.de\/wp-content\/uploads\/2025\/12\/eych-1960-1536x1154.jpg 1536w, https:\/\/archiv-harry-plaster.de\/wp-content\/uploads\/2025\/12\/eych-1960-2048x1538.jpg 2048w\" sizes=\"auto, (max-width: 300px) 100vw, 300px\" \/><\/a><\/div><a class=\"wp-block-latest-posts__post-title\" href=\"https:\/\/archiv-harry-plaster.de\/?p=148\">Wirtschaftshof \u201eAuf der Eych\u201c<\/a><div class=\"wp-block-latest-posts__post-excerpt\">Der Wirtschaftshof \u201eAuf der Eych\u201c Geheimrat Hermann Schmidt aus Braunschweig, war u. a Mitinhaber der Fa. Pfeiffer u. Schmidt, die mit Textilkurzwaren einen Gro\u00dfhandel in Braunschweig betrieben. Er erwarb 1911 ein Grundst\u00fcck in Bad Harzburg. Hier erbaute er bis April 1912 eine Sommervilla am Fu\u00df des Eichenberges an der Fritz-K\u00f6nig-Stra\u00dfe. Das Geb\u00e4ude erhielt die damalige<\/div><\/li>\n<\/ul>","protected":false},"excerpt":{"rendered":"<p>Ein Sammlerleben: Redaktionelle Beitr\u00e4ge Unternehmen &amp; Personen in Bad Harzburg<\/p>\n","protected":false},"author":1,"featured_media":0,"parent":0,"menu_order":0,"comment_status":"closed","ping_status":"closed","template":"","meta":{"footnotes":""},"class_list":["post-19","page","type-page","status-publish","hentry"],"jetpack_sharing_enabled":true,"_links":{"self":[{"href":"https:\/\/archiv-harry-plaster.de\/index.php?rest_route=\/wp\/v2\/pages\/19","targetHints":{"allow":["GET"]}}],"collection":[{"href":"https:\/\/archiv-harry-plaster.de\/index.php?rest_route=\/wp\/v2\/pages"}],"about":[{"href":"https:\/\/archiv-harry-plaster.de\/index.php?rest_route=\/wp\/v2\/types\/page"}],"author":[{"embeddable":true,"href":"https:\/\/archiv-harry-plaster.de\/index.php?rest_route=\/wp\/v2\/users\/1"}],"replies":[{"embeddable":true,"href":"https:\/\/archiv-harry-plaster.de\/index.php?rest_route=%2Fwp%2Fv2%2Fcomments&post=19"}],"version-history":[{"count":14,"href":"https:\/\/archiv-harry-plaster.de\/index.php?rest_route=\/wp\/v2\/pages\/19\/revisions"}],"predecessor-version":[{"id":282,"href":"https:\/\/archiv-harry-plaster.de\/index.php?rest_route=\/wp\/v2\/pages\/19\/revisions\/282"}],"wp:attachment":[{"href":"https:\/\/archiv-harry-plaster.de\/index.php?rest_route=%2Fwp%2Fv2%2Fmedia&parent=19"}],"curies":[{"name":"wp","href":"https:\/\/api.w.org\/{rel}","templated":true}]}}