{"id":17,"date":"2025-12-19T10:33:28","date_gmt":"2025-12-19T10:33:28","guid":{"rendered":"https:\/\/archiv-harry-plaster.de\/?page_id=17"},"modified":"2025-12-19T11:53:30","modified_gmt":"2025-12-19T11:53:30","slug":"filme-vortraege","status":"publish","type":"page","link":"https:\/\/archiv-harry-plaster.de\/?page_id=17","title":{"rendered":"Filme | Vortr\u00e4ge"},"content":{"rendered":"\n<h2 class=\"wp-block-heading\">Ein Sammlerleben: Filme &amp; Vortr\u00e4ge <\/h2>\n\n\n<ul class=\"wp-block-latest-posts__list is-grid columns-3 wp-block-latest-posts\"><li><div class=\"wp-block-latest-posts__featured-image aligncenter\"><a href=\"https:\/\/archiv-harry-plaster.de\/?p=70\" aria-label=\"Bad Harzburg \u2013 Stadtbild im Wandel &#8211; 1999-2014\"><img loading=\"lazy\" decoding=\"async\" width=\"300\" height=\"169\" src=\"https:\/\/archiv-harry-plaster.de\/wp-content\/uploads\/2025\/12\/stadt-im-wandel-300x169.jpg\" class=\"attachment-medium size-medium wp-post-image\" alt=\"\" style=\"\" srcset=\"https:\/\/archiv-harry-plaster.de\/wp-content\/uploads\/2025\/12\/stadt-im-wandel-300x169.jpg 300w, https:\/\/archiv-harry-plaster.de\/wp-content\/uploads\/2025\/12\/stadt-im-wandel-1024x576.jpg 1024w, https:\/\/archiv-harry-plaster.de\/wp-content\/uploads\/2025\/12\/stadt-im-wandel-768x432.jpg 768w, https:\/\/archiv-harry-plaster.de\/wp-content\/uploads\/2025\/12\/stadt-im-wandel.jpg 1280w\" sizes=\"auto, (max-width: 300px) 100vw, 300px\" \/><\/a><\/div><a class=\"wp-block-latest-posts__post-title\" href=\"https:\/\/archiv-harry-plaster.de\/?p=70\">Bad Harzburg \u2013 Stadtbild im Wandel &#8211; 1999-2014<\/a><div class=\"wp-block-latest-posts__post-excerpt\">Bad Harzburg \u2013 Stadtbild im Wandel &#8211; 1999-2014 \u201eAus dem Bad Harzburger Stadtbild verschwunden\u2026\u201c, so ist der Foto-Streifzug durch den (Gesch\u00e4fts-) Alltag der Kurstadt von Mai 1999 bis Dezember 2014 \u00fcberschrieben. Fotos und Fakten lieferte Harry Plaster, mit seiner enormen Sammlung und seinem Wissen stets die erste Adresse, wenn es um Einblicke in die Bad<\/div><\/li>\n<li><div class=\"wp-block-latest-posts__featured-image aligncenter\"><a href=\"https:\/\/archiv-harry-plaster.de\/?p=67\" aria-label=\"125 Jahre Stadt Bad Harzburg\"><img loading=\"lazy\" decoding=\"async\" width=\"300\" height=\"169\" src=\"https:\/\/archiv-harry-plaster.de\/wp-content\/uploads\/2025\/12\/125-Jahre-Stadt-Bad-Harzburg-300x169.jpg\" class=\"attachment-medium size-medium wp-post-image\" alt=\"\" style=\"\" srcset=\"https:\/\/archiv-harry-plaster.de\/wp-content\/uploads\/2025\/12\/125-Jahre-Stadt-Bad-Harzburg-300x169.jpg 300w, https:\/\/archiv-harry-plaster.de\/wp-content\/uploads\/2025\/12\/125-Jahre-Stadt-Bad-Harzburg-1024x576.jpg 1024w, https:\/\/archiv-harry-plaster.de\/wp-content\/uploads\/2025\/12\/125-Jahre-Stadt-Bad-Harzburg-768x432.jpg 768w, https:\/\/archiv-harry-plaster.de\/wp-content\/uploads\/2025\/12\/125-Jahre-Stadt-Bad-Harzburg.jpg 1280w\" sizes=\"auto, (max-width: 300px) 100vw, 300px\" \/><\/a><\/div><a class=\"wp-block-latest-posts__post-title\" href=\"https:\/\/archiv-harry-plaster.de\/?p=67\">125 Jahre Stadt Bad Harzburg<\/a><div class=\"wp-block-latest-posts__post-excerpt\">125 Jahre Stadt Bad Harzburg Eine Zeitreise von 1894 bis 2019, zusammengestellt von Harry Plaster und Edda Schaper, im Wesentlichen mit Bildern aus den Archiven Plaster und Harzburger Geschichtsverein. Eine Pr\u00e4sentation der Sammlung Harry Plaster. Tausende Bilder mehr zur Geschichte Bad Harzburgs und des Harzes gibt es auf der Plattform Harz-History.<\/div><\/li>\n<li><div class=\"wp-block-latest-posts__featured-image aligncenter\"><a href=\"https:\/\/archiv-harry-plaster.de\/?p=64\" aria-label=\"Bahngeschichte(n) Bad Harzburg 1960 &#8211; 2018\"><img loading=\"lazy\" decoding=\"async\" width=\"300\" height=\"219\" src=\"https:\/\/archiv-harry-plaster.de\/wp-content\/uploads\/2025\/12\/zwei-dampfloks-300x219.jpg\" class=\"attachment-medium size-medium wp-post-image\" alt=\"\" style=\"\" srcset=\"https:\/\/archiv-harry-plaster.de\/wp-content\/uploads\/2025\/12\/zwei-dampfloks-300x219.jpg 300w, https:\/\/archiv-harry-plaster.de\/wp-content\/uploads\/2025\/12\/zwei-dampfloks-1024x746.jpg 1024w, https:\/\/archiv-harry-plaster.de\/wp-content\/uploads\/2025\/12\/zwei-dampfloks-768x560.jpg 768w, https:\/\/archiv-harry-plaster.de\/wp-content\/uploads\/2025\/12\/zwei-dampfloks.jpg 1176w\" sizes=\"auto, (max-width: 300px) 100vw, 300px\" \/><\/a><\/div><a class=\"wp-block-latest-posts__post-title\" href=\"https:\/\/archiv-harry-plaster.de\/?p=64\">Bahngeschichte(n) Bad Harzburg 1960 &#8211; 2018<\/a><div class=\"wp-block-latest-posts__post-excerpt\">Bahngeschichte(n) Bad Harzburg 1960 &#8211; 2018 Philipp August von Amsberg war Begr\u00fcnder der ersten deutschen Staatsbahn, der Herzoglich Braunschweigischen Staatseisenbahn, die vom Dezember 1838 an zwischen Braunschweig und Bad Harzburg verkehrte. Mit Fotos aus dem Archiv Harry Plaster erinnern wir hier an Eisenbahn-Geschichte(n) rund um Bad Harzburg. Noch viel mehr historische Aufnahmen rund um das<\/div><\/li>\n<li><div class=\"wp-block-latest-posts__featured-image aligncenter\"><a href=\"https:\/\/archiv-harry-plaster.de\/?p=61\" aria-label=\"Bad Harzburg und die Eisenbahn\"><img loading=\"lazy\" decoding=\"async\" width=\"300\" height=\"225\" src=\"https:\/\/archiv-harry-plaster.de\/wp-content\/uploads\/2025\/12\/bahnhof-thumb-300x225.jpg\" class=\"attachment-medium size-medium wp-post-image\" alt=\"\" style=\"\" srcset=\"https:\/\/archiv-harry-plaster.de\/wp-content\/uploads\/2025\/12\/bahnhof-thumb-300x225.jpg 300w, https:\/\/archiv-harry-plaster.de\/wp-content\/uploads\/2025\/12\/bahnhof-thumb.jpg 640w\" sizes=\"auto, (max-width: 300px) 100vw, 300px\" \/><\/a><\/div><a class=\"wp-block-latest-posts__post-title\" href=\"https:\/\/archiv-harry-plaster.de\/?p=61\">Bad Harzburg und die Eisenbahn<\/a><div class=\"wp-block-latest-posts__post-excerpt\">Bad Harzburg und die Eisenbahn Es ist eine lange Geschichte, die Bad Harzburg und die Eisenbahn seit der ersten deutschen Staatsbahn 1838 von Braunschweig in die Kurstadt verbindet. Eine Geschichte, die Harry Plaster aus seinem umfangreichen Archiv durch die Jahrzehnte und Jahrhunderte anschaulich bebildert. Gute Reise! Mehr historische Fotos aus dem Harz gibt es unter<\/div><\/li>\n<li><div class=\"wp-block-latest-posts__featured-image aligncenter\"><a href=\"https:\/\/archiv-harry-plaster.de\/?p=58\" aria-label=\"Bergbau-Vortrag Woick\"><img loading=\"lazy\" decoding=\"async\" width=\"300\" height=\"194\" src=\"https:\/\/archiv-harry-plaster.de\/wp-content\/uploads\/2025\/12\/woick-NIG-thumb-300x194.jpg\" class=\"attachment-medium size-medium wp-post-image\" alt=\"\" style=\"\" srcset=\"https:\/\/archiv-harry-plaster.de\/wp-content\/uploads\/2025\/12\/woick-NIG-thumb-300x194.jpg 300w, https:\/\/archiv-harry-plaster.de\/wp-content\/uploads\/2025\/12\/woick-NIG-thumb-1024x661.jpg 1024w, https:\/\/archiv-harry-plaster.de\/wp-content\/uploads\/2025\/12\/woick-NIG-thumb-768x496.jpg 768w, https:\/\/archiv-harry-plaster.de\/wp-content\/uploads\/2025\/12\/woick-NIG-thumb.jpg 1046w\" sizes=\"auto, (max-width: 300px) 100vw, 300px\" \/><\/a><\/div><a class=\"wp-block-latest-posts__post-title\" href=\"https:\/\/archiv-harry-plaster.de\/?p=58\">Bergbau-Vortrag Woick<\/a><div class=\"wp-block-latest-posts__post-excerpt\">Bergbau-Vortrag: Horst Woick im NIG \u00dcber \u201eBergbau in Bad Harzburg\u201c referierte Horst Woick als einstiger Kumpel, der in der Grube Friederike gearbeitet hat, und sp\u00e4terer Bad Harzburg Kurdirektor nicht allein vor unz\u00e4hligen Vereinen. Auch an Schulen war er gefragt. Und am Nieders\u00e4chsischen Internatsgymnasium (NIG) Bad Harzburg griffen Jannik N\u00fcsse und Julian Henk gl\u00fccklicherweise zur Kamera,<\/div><\/li>\n<li><div class=\"wp-block-latest-posts__featured-image aligncenter\"><a href=\"https:\/\/archiv-harry-plaster.de\/?p=36\" aria-label=\"Das sch\u00f6ne Bad Harzburg 1965\"><img loading=\"lazy\" decoding=\"async\" width=\"300\" height=\"252\" src=\"https:\/\/archiv-harry-plaster.de\/wp-content\/uploads\/2025\/12\/bh1965-66_thumb-300x252.jpg\" class=\"attachment-medium size-medium wp-post-image\" alt=\"\" style=\"\" srcset=\"https:\/\/archiv-harry-plaster.de\/wp-content\/uploads\/2025\/12\/bh1965-66_thumb-300x252.jpg 300w, https:\/\/archiv-harry-plaster.de\/wp-content\/uploads\/2025\/12\/bh1965-66_thumb-1024x862.jpg 1024w, https:\/\/archiv-harry-plaster.de\/wp-content\/uploads\/2025\/12\/bh1965-66_thumb-768x646.jpg 768w, https:\/\/archiv-harry-plaster.de\/wp-content\/uploads\/2025\/12\/bh1965-66_thumb.jpg 1040w\" sizes=\"auto, (max-width: 300px) 100vw, 300px\" \/><\/a><\/div><a class=\"wp-block-latest-posts__post-title\" href=\"https:\/\/archiv-harry-plaster.de\/?p=36\">Das sch\u00f6ne Bad Harzburg 1965<\/a><div class=\"wp-block-latest-posts__post-excerpt\">Das sch\u00f6ne Bad Harzburg 1965 \u201eSch\u00f6n zu jeder Jahreszeit\u201c, so lautete die Erkenntnis der Filmemacher und zugleich der Titel des Farbfilms \u201eBad Harzburg 1965-1966\u201c. Hinter der Produktion \u201eDero-Film\u201c standen seinerzeit etliche bekannte Bad Harzburger: Bruno Erntner (Kamera\/Regie), Dr. Rolf Denecke (Texte), G\u00fcnther Kubatzki (Sprecher) und Hans-Ulrich Diosegi (Regieassistenz\/digitale Verarbeitung). Dass der Film erhalten ist, verdanken<\/div><\/li>\n<li><div class=\"wp-block-latest-posts__featured-image aligncenter\"><a href=\"https:\/\/archiv-harry-plaster.de\/?p=34\" aria-label=\"300 Jahre Dorfkirche Schlewecke 1708-2008\"><img loading=\"lazy\" decoding=\"async\" width=\"300\" height=\"200\" src=\"https:\/\/archiv-harry-plaster.de\/wp-content\/uploads\/2025\/12\/dorfkirche-ha-300x200.jpg\" class=\"attachment-medium size-medium wp-post-image\" alt=\"\" style=\"\" srcset=\"https:\/\/archiv-harry-plaster.de\/wp-content\/uploads\/2025\/12\/dorfkirche-ha-300x200.jpg 300w, https:\/\/archiv-harry-plaster.de\/wp-content\/uploads\/2025\/12\/dorfkirche-ha-1024x683.jpg 1024w, https:\/\/archiv-harry-plaster.de\/wp-content\/uploads\/2025\/12\/dorfkirche-ha-768x513.jpg 768w, https:\/\/archiv-harry-plaster.de\/wp-content\/uploads\/2025\/12\/dorfkirche-ha-1536x1025.jpg 1536w, https:\/\/archiv-harry-plaster.de\/wp-content\/uploads\/2025\/12\/dorfkirche-ha-2048x1367.jpg 2048w\" sizes=\"auto, (max-width: 300px) 100vw, 300px\" \/><\/a><\/div><a class=\"wp-block-latest-posts__post-title\" href=\"https:\/\/archiv-harry-plaster.de\/?p=34\">300 Jahre Dorfkirche Schlewecke 1708-2008<\/a><div class=\"wp-block-latest-posts__post-excerpt\">300 Jahre Dorfkirche Schlewecke 1708-2008 Zu einem Streifzug durch die 300-j\u00e4hrige Geschichte der Dorfkirche und der Gemeinde Schlewecke (1708\u20132008) l\u00e4dt das Archiv Harry Plaster ein. Zus\u00e4tzlich zu Exponaten aus seinem Archiv sind Fotos des Harzburger Geschichtsvereins, der Firma Enderich und der Kirchengemeinde Schlewecke in die Slideshow eingeflossen. Weitere Bilder zur Dorfkirche Schlewecke, zu Bad Harzburg<\/div><\/li>\n<li><div class=\"wp-block-latest-posts__featured-image aligncenter\"><a href=\"https:\/\/archiv-harry-plaster.de\/?p=32\" aria-label=\"Bad Harzburg-Werbung 1938\"><img loading=\"lazy\" decoding=\"async\" width=\"300\" height=\"225\" src=\"https:\/\/archiv-harry-plaster.de\/wp-content\/uploads\/2025\/12\/BH-1938-thumb-300x225.jpg\" class=\"attachment-medium size-medium wp-post-image\" alt=\"\" style=\"\" srcset=\"https:\/\/archiv-harry-plaster.de\/wp-content\/uploads\/2025\/12\/BH-1938-thumb-300x225.jpg 300w, https:\/\/archiv-harry-plaster.de\/wp-content\/uploads\/2025\/12\/BH-1938-thumb-1024x769.jpg 1024w, https:\/\/archiv-harry-plaster.de\/wp-content\/uploads\/2025\/12\/BH-1938-thumb-768x577.jpg 768w, https:\/\/archiv-harry-plaster.de\/wp-content\/uploads\/2025\/12\/BH-1938-thumb-rotated.jpg 1280w\" sizes=\"auto, (max-width: 300px) 100vw, 300px\" \/><\/a><\/div><a class=\"wp-block-latest-posts__post-title\" href=\"https:\/\/archiv-harry-plaster.de\/?p=32\">Bad Harzburg-Werbung 1938<\/a><div class=\"wp-block-latest-posts__post-excerpt\">Bad Harzburg-Werbung 1938 \u201eBad Harzburg\u201c lautet schlicht der Titel eines SW-Werbefilms, den Hermann Brandt, von den Nationalsozialisten eingesetzter B\u00fcrgermeister und Kurdirektor 1938 in Auftrag gab. An der 16mm-Kamera stand ein Mann, der erst zwei Jahre zuvor seinen Dienst als Kunsterzieher am Werner-von-Siemens-Gymnasium angetreten hatte und sich in der Folge nicht allein als P\u00e4dagoge, sondern auch<\/div><\/li>\n<\/ul>\n\n\n<p><\/p>\n","protected":false},"excerpt":{"rendered":"<p>Ein Sammlerleben: Filme &amp; Vortr\u00e4ge<\/p>\n","protected":false},"author":1,"featured_media":0,"parent":0,"menu_order":0,"comment_status":"closed","ping_status":"closed","template":"","meta":{"footnotes":""},"class_list":["post-17","page","type-page","status-publish","hentry"],"jetpack_sharing_enabled":true,"_links":{"self":[{"href":"https:\/\/archiv-harry-plaster.de\/index.php?rest_route=\/wp\/v2\/pages\/17","targetHints":{"allow":["GET"]}}],"collection":[{"href":"https:\/\/archiv-harry-plaster.de\/index.php?rest_route=\/wp\/v2\/pages"}],"about":[{"href":"https:\/\/archiv-harry-plaster.de\/index.php?rest_route=\/wp\/v2\/types\/page"}],"author":[{"embeddable":true,"href":"https:\/\/archiv-harry-plaster.de\/index.php?rest_route=\/wp\/v2\/users\/1"}],"replies":[{"embeddable":true,"href":"https:\/\/archiv-harry-plaster.de\/index.php?rest_route=%2Fwp%2Fv2%2Fcomments&post=17"}],"version-history":[{"count":9,"href":"https:\/\/archiv-harry-plaster.de\/index.php?rest_route=\/wp\/v2\/pages\/17\/revisions"}],"predecessor-version":[{"id":73,"href":"https:\/\/archiv-harry-plaster.de\/index.php?rest_route=\/wp\/v2\/pages\/17\/revisions\/73"}],"wp:attachment":[{"href":"https:\/\/archiv-harry-plaster.de\/index.php?rest_route=%2Fwp%2Fv2%2Fmedia&parent=17"}],"curies":[{"name":"wp","href":"https:\/\/api.w.org\/{rel}","templated":true}]}}